6 = -5*d + c. Suppose -8 = 2*g, -4*j + 0*j + 3*g + d = 0. What are the prime factors of j?
7
List the prime factors of 40/(-180) + (-16692)/(-27).
2, 3, 103
Let o(f) = -31*f + 272. What are the prime factors of o(-6)?
2, 229
Suppose 5*x - 1070 = q, 0 = -x - 0*q - 2*q + 225. Let k = x + -144. List the prime factors of k.
71
Suppose o = -4*m + 40, 0*m - 2*o = m - 10. List the prime factors of (4/m)/((-4)/(-620)).
2, 31
Let c(l) = 2*l**2 - 10*l - 32. List the prime factors of c(-10).
2, 67
Let b(z) = -z**3 + 4*z**2 - 2*z - 1. Let p be b(2). Suppose -168 = p*h - 693. What are the prime factors of h?
5, 7
Suppose -f - 2*j = 12 - 32, -2*f + 44 = 5*j. Let w = f - 1. What are the prime factors of w?
11
Let i(k) be the third derivative of 35*k**4/12 - 3*k**3/2 - k**2 + 1. What are the prime factors of i(2)?
131
Let g(r) = 3*r**2 - 11*r - 5. Let m(n) = -3*n**2 + 10*n + 6. Let z(a) = -5*g(a) - 6*m(a). List the prime factors of z(6).
67
List the prime factors of (-31766)/(-9) + 36/81.
2, 5, 353
Suppose 0 = -21*r + 22607 - 725. What are the prime factors of r?
2, 521
Let t(v) = 12*v**2 - 100*v + 16. List the prime factors of t(20).
2, 11
Suppose 0 = 40*d - 1483 - 4437. List the prime factors of d.
2, 37
Let l be 3/2 + (-36)/8. Let q = 1 - l. Let b(o) = 3*o**2 - 4*o - 3. What are the prime factors of b(q)?
29
Suppose 16*h + 2 = 17*h. Suppose 94 = h*w - 16. List the prime factors of w.
5, 11
Let i(s) = -5*s**3 - 6*s**2 + s + 4. Let w be i(-4). Suppose 4*q = 2*p - 54 + w, -p + q - 86 = 0. List the prime factors of (-16)/(-6)*p/(-4).
2, 29
Suppose 6 = 6*a - 6. What are the prime factors of (-48)/(-26) - 1/((-13)/a)?
2
Suppose n - 2*h - 17 = 0, 0*h - 6 = -3*n - 3*h. Suppose 2*i = -n + 27. List the prime factors of i.
2, 5
Let r be (-5 + 3)/(2 - (-32)/(-12)). Let c be (2 + -3)*1 + 3. Suppose -r*n + 15 = -c*n. List the prime factors of n.
3, 5
Let j(a) = 2*a - 5 + 2*a + a + 4*a. Suppose 0 = -4*k + 5*p + 4, -38 = 4*k - 9*k - 2*p. What are the prime factors of j(k)?
7
Let i(y) = -10*y - 7. Let k(s) be the second derivative of -s**3/6 + 3*s**2 + s. Let r be k(10). List the prime factors of i(r).
3, 11
Suppose -x - u = -6*x + 2929, 4*x + u - 2336 = 0. Suppose -2*r + 2*v + x = 3*r, 5*r + v = 600. What are the prime factors of r?
7, 17
Suppose -7*g + 1449 = -4*g. Let i = -343 + g. List the prime factors of i.
2, 5, 7
Suppose -12 = 338*y - 342*y. Suppose 0*w + 10 = 5*w. Suppose 17 = -w*h + y*h. List the prime factors of h.
17
Suppose b - 4*j = 586, 0 = 2*b + 3*j - 2 - 1137. List the prime factors of b.
2, 7, 41
Let s(c) = 33*c**3 + c**2 + 3*c + 6. What are the prime factors of s(3)?
3, 5, 61
Suppose -3*s = 2*h + 132, 16 = -6*s + 2*s. Let w = h - -164. List the prime factors of w.
2, 13
List the prime factors of (4 - 4) + (-2445)/(-3).
5, 163
Suppose 0 = -5*y + 4*h - 382, -5 = -3*h + 4. Let i = 120 + y. What are the prime factors of i?
2, 23
Suppose -t = 3*m + 27, -4*t + 0*t + 2*m = 38. Let z = t + 10. List the prime factors of 2 + 12*(0 - z).
2, 13
Let d = -167 + 39. Let x be d/22 - 6/33. What are the prime factors of 1/x - 1072/(-96)?
11
Suppose -35*s + 30*s = -14795. What are the prime factors of s?
11, 269
Let u = -12 + 16. Let k be (0 - 2) + -2 + 6. Suppose -7*d + k*d - 94 = -2*s, 16 = u*d. List the prime factors of s.
3, 19
Let p(k) = -43*k**3 + k**2 + k. Let r be p(-1). Suppose 171 = -r*f + 44*f. What are the prime factors of f?
3, 19
Suppose 0 = -5*o - 15, 0 = -2*y - 2*o - 2*o - 20. Let d be (3/6)/(y/(-304)). Let m = 86 - d. List the prime factors of m.
2, 3
Let v(h) = -h**3 - 13*h**2 + 14*h + 2. Let r = -36 - -22. Let o be v(r). Suppose 0 = o*d + 3 - 9. What are the prime factors of d?
3
Let u = 8 + -1. What are the prime factors of 51 + u/(14/6)?
2, 3
Let f(d) = d**2 - d - 1. Let s be f(-2). Suppose -3*n + 12 = -2*j, -s*j - 2*n + 4 = -n. What are the prime factors of -1 + 2 - (-9 - j)?
2, 5
Let v(h) = -2*h - 1. Let i be v(-2). Suppose -5*t + i*t + 24 = 0. Suppose 2*g = 6*g - t, -4*g = -4*p + 80. List the prime factors of p.
23
Let s(w) = 298*w + 92. What are the prime factors of s(4)?
2, 3, 107
Let w = 2107 + -1790. What are the prime factors of w?
317
Let q be (5406/(-85))/(-2 + (-16)/(-10)). Let h = q - -13. List the prime factors of h.
2, 43
Suppose -5*q - 41 = 34. Let y(c) = -11*c**3 + 2*c**2 + c - 2. Let u be y(1). What are the prime factors of (46/3)/(u/q)?
23
Let b(n) be the second derivative of n**4/12 - n**3/6 - 9*n**2/2 - 18*n. What are the prime factors of b(7)?
3, 11
Let n(d) = d**3 + 6*d**2 + 3*d - 2. Let a = 9 - 2. Suppose -5*y + 8 = -a*y. What are the prime factors of n(y)?
2, 3
Let m = -35 + 34. List the prime factors of (-651)/(-9) + m/3.
2, 3
Let y be ((-3)/(-2))/(6/(-24)). Let s = y + 4. What are the prime factors of (-1)/s*24/4?
3
Let x(i) = 2*i**3 + 9*i**2 - 7*i - 7. Let m be x(7). Suppose -h - m = -10*h. What are the prime factors of h?
7, 17
Suppose 2576 = -147*b + 163*b. What are the prime factors of b?
7, 23
Let z(v) = -20*v**3 - 10*v**2 - 22*v + 1. List the prime factors of z(-2).
3, 5, 11
Let l = 815 + -391. Suppose -4*r + 158 = x - 9*r, 0 = 3*x - 5*r - l. List the prime factors of x.
7, 19
Let l(m) = -17*m - 8. Let z(d) = 9*d + 4. Let w(x) = 6*l(x) + 11*z(x). Let h be w(-3). What are the prime factors of h/(-10)*92/(-2)?
23
Let a(y) = -3*y + 17. Let j be a(7). Let t be 0 - (-3 + 4 + j). Suppose 138 = -t*o + 6*o - 2*n, -4*n = -2*o + 84. List the prime factors of o.
2, 3
Let t(g) = -349*g + 334. List the prime factors of t(-5).
3, 7, 11
Let f(h) = -h**3 - 9*h**2 - 7*h + 10. Let b be f(-7). Let g = b - -124. What are the prime factors of g?
5, 17
Let a(t) = -t**2 - t + 6. Let h be a(-3). Suppose h*g + 3*g - 210 = 0. What are the prime factors of g?
2, 5, 7
Suppose 13 - 69 = 4*f. Let x be 2280/(-42) + (-4)/f. Let s = x - -91. List the prime factors of s.
37
Let f = -15 - -35. Suppose c - 19 = f. Let d = -22 + c. List the prime factors of d.
17
Suppose 0 = 4*j - 293 - 91. List the prime factors of (j/30)/(1/25).
2, 5
Let i(z) = z**3 + 2*z**2 + z + 352. Let t be i(0). Suppose 7*x - 11*x + 4*a = -t, 0 = -x + 4*a + 79. What are the prime factors of x?
7, 13
Suppose 265 = 2*g - 105. What are the prime factors of g?
5, 37
Let o(g) = 2*g**2 + 5*g + 5. Let n be o(-2). Suppose 4*t = 2*a - 386, -a + n*t = -t - 189. List the prime factors of a.
197
Let l(k) = -9*k + 2. Let q be l(1). Let m(x) = 2*x**2 - x - 7. List the prime factors of m(q).
2, 7
Let t = -14 + 10. Let f be t/12 - (-496)/3. Suppose 8*n = 3*n + f. What are the prime factors of n?
3, 11
Let b(u) = -2*u**3 - 40*u**2 + 27*u - 82. What are the prime factors of b(-21)?
233
Suppose 5*i + 446 - 3691 = 0. Suppose -4*h = -2*c - 832, 0 = 4*h - 4*c - 179 - i. What are the prime factors of h?
11, 19
Let j be ((-1)/(-1))/(2/10). Let s be (-1314)/(-45) - 1/j. Let k = s + -25. What are the prime factors of k?
2
Suppose 16 = -g - 4*u, 0*u + 19 = g - 3*u. Suppose -3*j + 208 = g*d, -2*j = 3*j. List the prime factors of d.
2, 13
Suppose -12*j = -8*j - 2336. What are the prime factors of j?
2, 73
Let r be (-9)/2*60/(-135). Suppose -2*i - 3*i - 8 = -4*d, 2*d - 4 = -r*i. Suppose a - 178 = -4*u, d*u - 50 = -a + 40. What are the prime factors of u?
2, 11
Suppose -3*g - 267 = -5*y, -3*y - 2*g + 3*g = -161. Suppose -b - y = -0*b + 2*d, -2*d = -2. List the prime factors of (-15)/(-10)*b/(-3).
2, 7
Suppose 0 = 4*f - 8*f + 112. Let g = f + -28. Suppose 5*h + 25 = g, 20 = 5*t - h - 35. What are the prime factors of t?
2, 5
Let s be (-2 - (-1526)/10) + 4/10. Let o = s - 62. List the prime factors of o.
89
Let j(f) = f - 1. Let n(a) = 7*a + 10. Let r(u) = -6*j(u) + n(u). What are the prime factors of r(-8)?
2
Let q = -8 + 15. Suppose 3*m + 3*a + 37 = q*m, -3*m + 18 = a. What are the prime factors of m?
7
Let m = -194 - -192. Let c(o) = -2*o**3 - 2*o**2 + o**2 - 2 - o**3. List the prime factors of c(m).
2, 3
Let r = 1062 - -4. What are the prime factors of r?
2, 13, 41
Let n(j) = 4*j**2 - 7*j - 4. Let v be (3 - -1) + -1 - 8. Let i be n(v). Suppose -4*r - 26 = 3*a - i, a + 109 = 4*r. What are the prime factors of r?
3
Let w(f) = 78*f**3 + f**2 + 2*f + 1. Let x = 16 + -17. Let m be w(x). Let h = m + 128. What are the prime factors of h?
2, 5
Let h(w) = 43*w**2 - 42*w + 246. List the prime factors of h(7).
29, 71
